3
Suppose 0 = -16*t + 21*t - 7980. List the prime factors of t.
2, 3, 7, 19
Suppose 73*n + 7*n = 7*n + 364051. What are the prime factors of n?
4987
Let x = 20614 + 4209. What are the prime factors of x?
103, 241
Suppose 24 = 4*g - 20. Suppose g*b + 1365 - 375 = 0. Let q = b + 281. What are the prime factors of q?
191
Let d = 25095 - 1427. What are the prime factors of d?
2, 61, 97
Let k be 2 + (-15)/(-2)*6. Suppose -2*q + k = 5. Suppose -19*h = -16*h - q. What are the prime factors of h?
7
Let h = -45 + 50. Suppose -9958 - 2892 = 3*m + 4*j, 21382 = -h*m + 2*j. List the prime factors of 1 + 11/(-9) + m/(-54).
79
Suppose -2*j + 3476 = n, 0 = -10*j + 13*j + 2*n - 5216. Let r = -972 + j. What are the prime factors of r?
2, 191
Let h be (11 - (-9 + 16)) + 1204. Let r = h + -133. What are the prime factors of r?
5, 43
Let d = -127 + 256. Let m = d + 186. What are the prime factors of m?
3, 5, 7
Suppose 0 = 2*z + 5*c + 29, -4*z = 4*c + 23 + 29. List the prime factors of (-21084)/24*z/21 + 0.
2, 251
Let y(x) = x**2 + 12 - 5 + 9 - 10*x. Let u be y(8). Suppose -h - j + 5*j + 162 = u, -h = 3*j - 155. What are the prime factors of h?
2, 79
Let k(t) = -t**3 - 4*t**2 + 9*t - 10. Let u be 250/(-35) - (-3)/21. Let d be k(u). Suppose -a - 3*m = -d, 53 + 25 = a + m. What are the prime factors of a?
2, 5
Suppose 4*j + 15 = 7. Let k be 17*6/(-18) - j/(-6). What are the prime factors of (-1540)/(-15) - k/(-9)?
2, 3, 17
Let o = -6209 + 6217. List the prime factors of o.
2
Let o = 3704 + -1949. Suppose 16*i + 5*t = 11*i + o, -702 = -2*i + 3*t. What are the prime factors of i?
3, 13
Let x = -31 - -480. Let u = x - -259. Suppose -2*j = 2*j - u. What are the prime factors of j?
3, 59
Suppose -4*d + 1095 = -3*b + 6592, -b - 4*d + 1859 = 0. Suppose 0 = -21*q + 11475 + b. What are the prime factors of q?
2, 317
Let f(m) = m**2 + 10*m + 11. Let j be f(-8). Suppose -5*g - 31*i + 28*i = 5, -7 = -g + i. List the prime factors of g/j + 7506/90.
83
Let y be -4 + 3 + (-126)/2. Let b = 69 + y. Suppose -5*v = b*v - 100. List the prime factors of v.
2, 5
Suppose 2*x - 1 = 2*o + 3*o, 0 = -2*x + o + 5. Suppose 2*u - q + 168 = 1248, 4*u = x*q + 2160. Suppose u = 6*n - n. List the prime factors of n.
2, 3
Let d(a) = 3*a**2 - 7*a - 16. Let s be d(7). Let i = s + 594. What are the prime factors of i?
2, 13
Suppose -5*d = 6*l - 8*l - 123, 21 = d - l. Suppose -2*c + 3 + 3 = 0. Suppose o = -3*h + 47 + 11, 2*h + c*o - d = 0. What are the prime factors of h?
3, 7
Let f = 54753 + -23252. What are the prime factors of f?
17, 109
Suppose 3*t - 341 = 964. Let x = 1593 + -1588. Suppose 5*w - 5*z = t, x*w - z = w + 363. What are the prime factors of w?
2, 23
Let u be -7*16/(-504) - (-88)/9. Suppose -w = -5*f + 4*w + u, -2*f = 5*w - 25. Suppose 5*n + 246 = 2*d - 0*n, 3*n + 615 = f*d. List the prime factors of d.
3, 41
Let d(z) = 9*z**2 + 8*z + 3. List the prime factors of d(-17).
2, 617
Suppose 247 - 15 = -s. Let z = s + 548. Suppose d - z = -3*d - 4*r, 4*d + 2*r = 326. List the prime factors of d.
2, 3, 7
Let c(p) = -p**2. Let v be c(0). Suppose -3*u + 285 + 771 = v. Suppose -2*o + u = 4*a, 4*a - 358 = 2*o - o. What are the prime factors of a?
89
Suppose 0 = -5*d - 5*w + 25445, -2*d = -3*w + 1396 - 11589. List the prime factors of d.
2, 19, 67
Suppose 0 = 15*k - 16*k + 127. Let v = k - -149. What are the prime factors of v?
2, 3, 23
Let p(i) = 48*i + 4. Let s be p(-1). Let y = s - -52. List the prime factors of y/12 - (-3)/9*316.
2, 53
Let m(v) = -2*v**3 + 14*v**2 - 5*v + 15. Let f be (1/(-2))/((-1)/14). Let n be m(f). List the prime factors of (16/n)/((11/90)/(-11)).
2, 3
Suppose 0 = 4*v + x - 200, 3*x - 250 = -7*v + 2*v. Let b = 3 + v. Suppose 3*t - b = 301. List the prime factors of t.
2, 59
List the prime factors of (849 - -9)*575/50.
3, 11, 13, 23
List the prime factors of ((-79)/(-5) - (-102 - -117))*79195/2.
2, 47, 337
Suppose -2*c = 4*z + 2*c - 32, 0 = -5*z + 3*c. Let n be (1465/(-15) - z)*-3. Let a = n - 216. List the prime factors of a.
2, 43
Let w(c) be the third derivative of c**5/60 - c**4/4 - 2*c**3/3 + 9*c**2. Let o be w(16). Suppose -3*i = i - o. What are the prime factors of i?
3, 13
Let m(p) = -97*p - 83. Let x be m(-9). Let a = 236 + x. List the prime factors of a.
2, 3, 19
Suppose -p = 5*u - 903, 5*u + p + 3*p - 912 = 0. Let f = 101 - u. List the prime factors of 4/8*(-1 - f).
3, 13
Suppose -o + 61156 = 258*a - 261*a, 5*a + 183480 = 3*o. What are the prime factors of o?
5, 13, 941
Let v(m) = m**3 + 8*m**2 + m + 10. Let i(j) = j**3 + j + 1. Let b(g) = 2*i(g) - v(g). Let s be b(9). What are the prime factors of 1*(s - -4) - -2?
2, 11
Suppose 0 = -5*i - 2*v + 4982 + 3651, 6910 = 4*i - 2*v. Suppose -12*u + i = -u. Suppose 5*j - u = -7. What are the prime factors of j?
2, 3, 5
Suppose 5*p = -5, 5*f - 3*p - 37 - 1 = 0. Suppose 0*w + f*w = 182. List the prime factors of -2*(((-3)/1 - w) + 3).
2, 13
What are the prime factors of -287 + 16814 + ((-26)/(-4) - (-2)/(-4))?
3, 11, 167
Suppose -88*l = -91*l. Suppose l = -5*o + 4*q + 101, -7*o - 2*q + 86 = -3*o. List the prime factors of o.
3, 7
Let r(z) = -2*z**3 - 7*z**2 - z + 1. Suppose -2*c - 3*a = -46, -2*c + 2*a - 74 = -5*c. Let l = c - 31. What are the prime factors of r(l)?
3
Let j(t) be the first derivative of -13*t**2/2 + 12*t + 50. What are the prime factors of j(-17)?
233
Let v(m) = m - 67. Let f be v(28). Let w(s) = -3*s**2 - 121*s - 50. List the prime factors of w(f).
2, 53
Suppose 5*x = -12*m + 16*m - 67737, -5*m - 2*x = -84696. Suppose -m = 9*r - 18*r. What are the prime factors of r?
2, 941
List the prime factors of 36574/9 + (-22 - 3600/(-162)).
2, 127
Suppose -1526*w + 1511*w = -80805. List the prime factors of w.
5387
What are the prime factors of ((-321)/30*-6)/(87/1305)?
3, 107
Let u = 1639 - -397. What are the prime factors of u?
2, 509
Suppose b - 90 = -16. Suppose x + 2 = 12. Suppose 0 = 8*j + x - b. What are the prime factors of j?
2
Suppose 40*l = 55*l - 95790. What are the prime factors of l?
2, 31, 103
Suppose -w = 12 - 97. Let k = 89 + w. Suppose -2*j + k = -4*b, -3*j + 8*j + 5*b = 390. What are the prime factors of j?
3
Suppose 27*k - 32*k + 36846 = 4*a, 4*a - 36870 = -k. What are the prime factors of a?
3, 7, 439
Let b(t) = 11*t + 80. Let s(q) = -4*q - 26. Let k(h) = 3*b(h) + 8*s(h). List the prime factors of k(-3).
29
Suppose -3*b - 5*t + 33349 = 0, -2*t = 4*b - 28325 - 16117. What are the prime factors of b?
2, 2777
Suppose 0 = -2*c + 5*q + 7, q - 31 = -9*c + 4*c. Let t(z) = 68*z + 42. List the prime factors of t(c).
2, 3, 5
Suppose 72731 = 4*o + 5*z + 4972, 3*z + 33907 = 2*o. List the prime factors of o.
2, 37, 229
Let p = -51 - -49. Let k be -5*4/8*p. Suppose -736 = -4*t + 4*l, 5*t - k*l - 374 = 3*t. What are the prime factors of t?
2, 7, 13
Let o = -27 - -32. Suppose o*j - 75 = 125. Let t = j + 129. List the prime factors of t.
13
Suppose 3*w = -5*y - 369, -y + 643 = -2*w - 3*w. Let k = -39 - w. Suppose -f + k = -56. List the prime factors of f.
5, 29
Let h(w) = -18*w + 88. Let a be h(4). Let i(z) = z**3 - 13*z**2 + 7*z - 30. List the prime factors of i(a).
2, 5, 17
Suppose 4*o - j - 31719 = 0, 5*o = 8*j - 9*j + 39642. List the prime factors of o.
3, 881
Suppose 91*p + 191*p = 65*p + 2434957. What are the prime factors of p?
7, 229
Suppose -15*t + 19*t = -48. Let y(l) = -l**3 - 4*l**2 - 45*l + 23. List the prime factors of y(t).
5, 7
Let m = 86 - 84. Suppose -d + m*d = 457. Suppose 6*l = d + 1109. What are the prime factors of l?
3, 29
Let d(w) = 4*w**2 + 3*w**2 - 3*w + 2*w**2 - 105 + 2*w + 43. What are the prime factors of d(7)?
2, 3, 31
Suppose 12*j - 15*j = -48. Let m = j - 13. Suppose m*g - 101 = -4*s, -92 = -5*g + s + 38. List the prime factors of g.
3
Let x(k) = -k**3 - k**2 - 121. Let d = 74 - 74. Let h be x(d). Let s = h - -230. What are the prime factors of s?
109
Let w = 112 - 92. List the prime factors of 0 - 5/(w/(-164)).
41
Let s(o) = o**3 - 2*o**2 + 3*o + 1. Let f(i) = -8*i - 6. Let d be f(-2). Suppose 8*p + 10 = d*p. What are the prime factors of s(p)?
7, 13
Let j be (-344)/(-40) - 6/10. Suppose -2619 = -j*r - r. Suppose -3*p - 66 = -r. List the prime factors of p.
3, 5
Suppose 0 = -4*x - 11 + 7. Let c be ((-828)/45)/(x/40). Suppose -8*t + c = -0*t. What are the prime factors of t?
2, 2